{"id":3478,"date":"2023-05-31T18:23:40","date_gmt":"2023-05-31T17:23:40","guid":{"rendered":"https:\/\/www.vanbiervliet.fr\/gilbert\/?page_id=3478"},"modified":"2023-06-08T11:56:01","modified_gmt":"2023-06-08T10:56:01","slug":"24-agathe-louise","status":"publish","type":"page","link":"https:\/\/www.vanbiervliet.fr\/gilbert\/?page_id=3478","title":{"rendered":"24 &#8211; Agathe &#038; Louise"},"content":{"rendered":"\n<p>Shooting chez moi pour mon exposition de novembre 2023 avec Focus P\u00e9v\u00e8le<\/p>\n\n\n\n<p>Un grand merci \u00e0 elles<\/p>\n\n\n\n<figure class=\"wp-block-gallery has-nested-images columns-default is-cropped wp-block-gallery-1 is-layout-flex wp-block-gallery-is-layout-flex\">\n<figure class=\"wp-block-image size-large\"><a href=\"https:\/\/www.vanbiervliet.fr\/gilbert\/wp-content\/uploads\/2023\/05\/Agathe-P-253A3145-30-mai-2023-scaled.jpg\" class=\"gallery_colorbox\"><img loading=\"lazy\" decoding=\"async\" width=\"683\" height=\"1024\" data-id=\"3479\" src=\"https:\/\/www.vanbiervliet.fr\/gilbert\/wp-content\/uploads\/2023\/05\/Agathe-P-253A3145-30-mai-2023-683x1024.jpg\"  alt=\"\" class=\"wp-image-3479\" srcset=\"https:\/\/www.vanbiervliet.fr\/gilbert\/wp-content\/uploads\/2023\/05\/Agathe-P-253A3145-30-mai-2023-683x1024.jpg 683w, https:\/\/www.vanbiervliet.fr\/gilbert\/wp-content\/uploads\/2023\/05\/Agathe-P-253A3145-30-mai-2023-200x300.jpg 200w, https:\/\/www.vanbiervliet.fr\/gilbert\/wp-content\/uploads\/2023\/05\/Agathe-P-253A3145-30-mai-2023-768x1152.jpg 768w, https:\/\/www.vanbiervliet.fr\/gilbert\/wp-content\/uploads\/2023\/05\/Agathe-P-253A3145-30-mai-2023-1024x1536.jpg 1024w, https:\/\/www.vanbiervliet.fr\/gilbert\/wp-content\/uploads\/2023\/05\/Agathe-P-253A3145-30-mai-2023-1365x2048.jpg 1365w, https:\/\/www.vanbiervliet.fr\/gilbert\/wp-content\/uploads\/2023\/05\/Agathe-P-253A3145-30-mai-2023-scaled.jpg 1707w\" sizes=\"auto, (max-width: 683px) 100vw, 683px\" \/><\/a><\/figure>\n\n\n\n<figure class=\"wp-block-image size-full\"><a href=\"https:\/\/www.vanbiervliet.fr\/gilbert\/wp-content\/uploads\/2023\/05\/Agathe-P-253A3157-30-mai-2023-scaled.jpg\" class=\"gallery_colorbox\"><img loading=\"lazy\" decoding=\"async\" width=\"1707\" height=\"2560\" data-id=\"3480\" src=\"https:\/\/www.vanbiervliet.fr\/gilbert\/wp-content\/uploads\/2023\/05\/Agathe-P-253A3157-30-mai-2023-scaled.jpg\"  alt=\"\" class=\"wp-image-3480\" srcset=\"https:\/\/www.vanbiervliet.fr\/gilbert\/wp-content\/uploads\/2023\/05\/Agathe-P-253A3157-30-mai-2023-scaled.jpg 1707w, https:\/\/www.vanbiervliet.fr\/gilbert\/wp-content\/uploads\/2023\/05\/Agathe-P-253A3157-30-mai-2023-200x300.jpg 200w, https:\/\/www.vanbiervliet.fr\/gilbert\/wp-content\/uploads\/2023\/05\/Agathe-P-253A3157-30-mai-2023-683x1024.jpg 683w, https:\/\/www.vanbiervliet.fr\/gilbert\/wp-content\/uploads\/2023\/05\/Agathe-P-253A3157-30-mai-2023-768x1152.jpg 768w, https:\/\/www.vanbiervliet.fr\/gilbert\/wp-content\/uploads\/2023\/05\/Agathe-P-253A3157-30-mai-2023-1024x1536.jpg 1024w, https:\/\/www.vanbiervliet.fr\/gilbert\/wp-content\/uploads\/2023\/05\/Agathe-P-253A3157-30-mai-2023-1365x2048.jpg 1365w\" sizes=\"auto, (max-width: 1707px) 100vw, 1707px\" \/><\/a><\/figure>\n\n\n\n<figure class=\"wp-block-image size-large\"><a href=\"https:\/\/www.vanbiervliet.fr\/gilbert\/wp-content\/uploads\/2023\/05\/Agathe-P-253A3187-30-mai-2023-scaled.jpg\" class=\"gallery_colorbox\"><img loading=\"lazy\" decoding=\"async\" width=\"683\" height=\"1024\" data-id=\"3481\" src=\"https:\/\/www.vanbiervliet.fr\/gilbert\/wp-content\/uploads\/2023\/05\/Agathe-P-253A3187-30-mai-2023-683x1024.jpg\"  alt=\"\" class=\"wp-image-3481\" srcset=\"https:\/\/www.vanbiervliet.fr\/gilbert\/wp-content\/uploads\/2023\/05\/Agathe-P-253A3187-30-mai-2023-683x1024.jpg 683w, https:\/\/www.vanbiervliet.fr\/gilbert\/wp-content\/uploads\/2023\/05\/Agathe-P-253A3187-30-mai-2023-200x300.jpg 200w, https:\/\/www.vanbiervliet.fr\/gilbert\/wp-content\/uploads\/2023\/05\/Agathe-P-253A3187-30-mai-2023-768x1152.jpg 768w, https:\/\/www.vanbiervliet.fr\/gilbert\/wp-content\/uploads\/2023\/05\/Agathe-P-253A3187-30-mai-2023-1024x1536.jpg 1024w, https:\/\/www.vanbiervliet.fr\/gilbert\/wp-content\/uploads\/2023\/05\/Agathe-P-253A3187-30-mai-2023-1365x2048.jpg 1365w, https:\/\/www.vanbiervliet.fr\/gilbert\/wp-content\/uploads\/2023\/05\/Agathe-P-253A3187-30-mai-2023-scaled.jpg 1707w\" sizes=\"auto, (max-width: 683px) 100vw, 683px\" \/><\/a><\/figure>\n\n\n\n<figure class=\"wp-block-image size-large\"><a href=\"https:\/\/www.vanbiervliet.fr\/gilbert\/wp-content\/uploads\/2023\/05\/Agathe-P-253A3205-30-mai-2023-scaled.jpg\" class=\"gallery_colorbox\"><img loading=\"lazy\" decoding=\"async\" width=\"683\" height=\"1024\" data-id=\"3482\" src=\"https:\/\/www.vanbiervliet.fr\/gilbert\/wp-content\/uploads\/2023\/05\/Agathe-P-253A3205-30-mai-2023-683x1024.jpg\"  alt=\"\" class=\"wp-image-3482\" srcset=\"https:\/\/www.vanbiervliet.fr\/gilbert\/wp-content\/uploads\/2023\/05\/Agathe-P-253A3205-30-mai-2023-683x1024.jpg 683w, https:\/\/www.vanbiervliet.fr\/gilbert\/wp-content\/uploads\/2023\/05\/Agathe-P-253A3205-30-mai-2023-200x300.jpg 200w, https:\/\/www.vanbiervliet.fr\/gilbert\/wp-content\/uploads\/2023\/05\/Agathe-P-253A3205-30-mai-2023-768x1152.jpg 768w, https:\/\/www.vanbiervliet.fr\/gilbert\/wp-content\/uploads\/2023\/05\/Agathe-P-253A3205-30-mai-2023-1024x1536.jpg 1024w, https:\/\/www.vanbiervliet.fr\/gilbert\/wp-content\/uploads\/2023\/05\/Agathe-P-253A3205-30-mai-2023-1365x2048.jpg 1365w, https:\/\/www.vanbiervliet.fr\/gilbert\/wp-content\/uploads\/2023\/05\/Agathe-P-253A3205-30-mai-2023-scaled.jpg 1707w\" sizes=\"auto, (max-width: 683px) 100vw, 683px\" \/><\/a><\/figure>\n\n\n\n<figure class=\"wp-block-image size-large\"><a href=\"https:\/\/www.vanbiervliet.fr\/gilbert\/wp-content\/uploads\/2023\/05\/Agathe-P-253A3154-30-mai-2023-scaled.jpg\" class=\"gallery_colorbox\"><img loading=\"lazy\" decoding=\"async\" width=\"683\" height=\"1024\" data-id=\"3483\" src=\"https:\/\/www.vanbiervliet.fr\/gilbert\/wp-content\/uploads\/2023\/05\/Agathe-P-253A3154-30-mai-2023-683x1024.jpg\"  alt=\"\" class=\"wp-image-3483\" srcset=\"https:\/\/www.vanbiervliet.fr\/gilbert\/wp-content\/uploads\/2023\/05\/Agathe-P-253A3154-30-mai-2023-683x1024.jpg 683w, https:\/\/www.vanbiervliet.fr\/gilbert\/wp-content\/uploads\/2023\/05\/Agathe-P-253A3154-30-mai-2023-200x300.jpg 200w, https:\/\/www.vanbiervliet.fr\/gilbert\/wp-content\/uploads\/2023\/05\/Agathe-P-253A3154-30-mai-2023-768x1152.jpg 768w, https:\/\/www.vanbiervliet.fr\/gilbert\/wp-content\/uploads\/2023\/05\/Agathe-P-253A3154-30-mai-2023-1024x1536.jpg 1024w, https:\/\/www.vanbiervliet.fr\/gilbert\/wp-content\/uploads\/2023\/05\/Agathe-P-253A3154-30-mai-2023-1365x2048.jpg 1365w, https:\/\/www.vanbiervliet.fr\/gilbert\/wp-content\/uploads\/2023\/05\/Agathe-P-253A3154-30-mai-2023-scaled.jpg 1707w\" sizes=\"auto, (max-width: 683px) 100vw, 683px\" \/><\/a><\/figure>\n\n\n\n<figure class=\"wp-block-image size-large\"><a href=\"https:\/\/www.vanbiervliet.fr\/gilbert\/wp-content\/uploads\/2023\/05\/Louise-J-253A3228-30-mai-2023.jpg\" class=\"gallery_colorbox\"><img loading=\"lazy\" decoding=\"async\" width=\"682\" height=\"1024\" data-id=\"3484\" src=\"https:\/\/www.vanbiervliet.fr\/gilbert\/wp-content\/uploads\/2023\/05\/Louise-J-253A3228-30-mai-2023-682x1024.jpg\"  alt=\"\" class=\"wp-image-3484\" srcset=\"https:\/\/www.vanbiervliet.fr\/gilbert\/wp-content\/uploads\/2023\/05\/Louise-J-253A3228-30-mai-2023-682x1024.jpg 682w, https:\/\/www.vanbiervliet.fr\/gilbert\/wp-content\/uploads\/2023\/05\/Louise-J-253A3228-30-mai-2023-200x300.jpg 200w, https:\/\/www.vanbiervliet.fr\/gilbert\/wp-content\/uploads\/2023\/05\/Louise-J-253A3228-30-mai-2023-768x1152.jpg 768w, https:\/\/www.vanbiervliet.fr\/gilbert\/wp-content\/uploads\/2023\/05\/Louise-J-253A3228-30-mai-2023-1024x1536.jpg 1024w, https:\/\/www.vanbiervliet.fr\/gilbert\/wp-content\/uploads\/2023\/05\/Louise-J-253A3228-30-mai-2023.jpg 1333w\" sizes=\"auto, (max-width: 682px) 100vw, 682px\" \/><\/a><\/figure>\n\n\n\n<figure class=\"wp-block-image size-large\"><a href=\"https:\/\/www.vanbiervliet.fr\/gilbert\/wp-content\/uploads\/2023\/05\/Louise-J-253A3231-30-mai-2023.jpg\" class=\"gallery_colorbox\"><img loading=\"lazy\" decoding=\"async\" width=\"682\" height=\"1024\" data-id=\"3485\" src=\"https:\/\/www.vanbiervliet.fr\/gilbert\/wp-content\/uploads\/2023\/05\/Louise-J-253A3231-30-mai-2023-682x1024.jpg\"  alt=\"\" class=\"wp-image-3485\" srcset=\"https:\/\/www.vanbiervliet.fr\/gilbert\/wp-content\/uploads\/2023\/05\/Louise-J-253A3231-30-mai-2023-682x1024.jpg 682w, https:\/\/www.vanbiervliet.fr\/gilbert\/wp-content\/uploads\/2023\/05\/Louise-J-253A3231-30-mai-2023-200x300.jpg 200w, https:\/\/www.vanbiervliet.fr\/gilbert\/wp-content\/uploads\/2023\/05\/Louise-J-253A3231-30-mai-2023-768x1152.jpg 768w, https:\/\/www.vanbiervliet.fr\/gilbert\/wp-content\/uploads\/2023\/05\/Louise-J-253A3231-30-mai-2023-1024x1536.jpg 1024w, https:\/\/www.vanbiervliet.fr\/gilbert\/wp-content\/uploads\/2023\/05\/Louise-J-253A3231-30-mai-2023.jpg 1333w\" sizes=\"auto, (max-width: 682px) 100vw, 682px\" \/><\/a><\/figure>\n\n\n\n<figure class=\"wp-block-image size-large\"><a href=\"https:\/\/www.vanbiervliet.fr\/gilbert\/wp-content\/uploads\/2023\/05\/Louise-J-253A3237-30-mai-2023.jpg\" class=\"gallery_colorbox\"><img loading=\"lazy\" decoding=\"async\" width=\"682\" height=\"1024\" data-id=\"3486\" src=\"https:\/\/www.vanbiervliet.fr\/gilbert\/wp-content\/uploads\/2023\/05\/Louise-J-253A3237-30-mai-2023-682x1024.jpg\"  alt=\"\" class=\"wp-image-3486\" srcset=\"https:\/\/www.vanbiervliet.fr\/gilbert\/wp-content\/uploads\/2023\/05\/Louise-J-253A3237-30-mai-2023-682x1024.jpg 682w, https:\/\/www.vanbiervliet.fr\/gilbert\/wp-content\/uploads\/2023\/05\/Louise-J-253A3237-30-mai-2023-200x300.jpg 200w, https:\/\/www.vanbiervliet.fr\/gilbert\/wp-content\/uploads\/2023\/05\/Louise-J-253A3237-30-mai-2023-768x1152.jpg 768w, https:\/\/www.vanbiervliet.fr\/gilbert\/wp-content\/uploads\/2023\/05\/Louise-J-253A3237-30-mai-2023-1024x1536.jpg 1024w, https:\/\/www.vanbiervliet.fr\/gilbert\/wp-content\/uploads\/2023\/05\/Louise-J-253A3237-30-mai-2023.jpg 1333w\" sizes=\"auto, (max-width: 682px) 100vw, 682px\" \/><\/a><\/figure>\n\n\n\n<figure class=\"wp-block-image size-large\"><a href=\"https:\/\/www.vanbiervliet.fr\/gilbert\/wp-content\/uploads\/2023\/05\/Louise-J-253A3239-30-mai-2023.jpg\" class=\"gallery_colorbox\"><img loading=\"lazy\" decoding=\"async\" width=\"682\" height=\"1024\" data-id=\"3487\" src=\"https:\/\/www.vanbiervliet.fr\/gilbert\/wp-content\/uploads\/2023\/05\/Louise-J-253A3239-30-mai-2023-682x1024.jpg\"  alt=\"\" class=\"wp-image-3487\" srcset=\"https:\/\/www.vanbiervliet.fr\/gilbert\/wp-content\/uploads\/2023\/05\/Louise-J-253A3239-30-mai-2023-682x1024.jpg 682w, https:\/\/www.vanbiervliet.fr\/gilbert\/wp-content\/uploads\/2023\/05\/Louise-J-253A3239-30-mai-2023-200x300.jpg 200w, https:\/\/www.vanbiervliet.fr\/gilbert\/wp-content\/uploads\/2023\/05\/Louise-J-253A3239-30-mai-2023-768x1152.jpg 768w, https:\/\/www.vanbiervliet.fr\/gilbert\/wp-content\/uploads\/2023\/05\/Louise-J-253A3239-30-mai-2023-1024x1536.jpg 1024w, https:\/\/www.vanbiervliet.fr\/gilbert\/wp-content\/uploads\/2023\/05\/Louise-J-253A3239-30-mai-2023.jpg 1333w\" sizes=\"auto, (max-width: 682px) 100vw, 682px\" \/><\/a><\/figure>\n\n\n\n<figure class=\"wp-block-image size-large\"><a href=\"https:\/\/www.vanbiervliet.fr\/gilbert\/wp-content\/uploads\/2023\/05\/Louise-J-253A3243-30-mai-2023.jpg\" class=\"gallery_colorbox\"><img loading=\"lazy\" decoding=\"async\" width=\"682\" height=\"1024\" data-id=\"3488\" src=\"https:\/\/www.vanbiervliet.fr\/gilbert\/wp-content\/uploads\/2023\/05\/Louise-J-253A3243-30-mai-2023-682x1024.jpg\"  alt=\"\" class=\"wp-image-3488\" srcset=\"https:\/\/www.vanbiervliet.fr\/gilbert\/wp-content\/uploads\/2023\/05\/Louise-J-253A3243-30-mai-2023-682x1024.jpg 682w, https:\/\/www.vanbiervliet.fr\/gilbert\/wp-content\/uploads\/2023\/05\/Louise-J-253A3243-30-mai-2023-200x300.jpg 200w, https:\/\/www.vanbiervliet.fr\/gilbert\/wp-content\/uploads\/2023\/05\/Louise-J-253A3243-30-mai-2023-768x1152.jpg 768w, https:\/\/www.vanbiervliet.fr\/gilbert\/wp-content\/uploads\/2023\/05\/Louise-J-253A3243-30-mai-2023-1024x1536.jpg 1024w, https:\/\/www.vanbiervliet.fr\/gilbert\/wp-content\/uploads\/2023\/05\/Louise-J-253A3243-30-mai-2023.jpg 1333w\" sizes=\"auto, (max-width: 682px) 100vw, 682px\" \/><\/a><\/figure>\n<\/figure>\n","protected":false},"excerpt":{"rendered":"<p>Shooting chez moi pour mon exposition de novembre 2023 avec Focus P\u00e9v\u00e8le Un grand merci \u00e0 elles<\/p>\n","protected":false},"author":1,"featured_media":0,"parent":570,"menu_order":0,"comment_status":"closed","ping_status":"closed","template":"","meta":{"footnotes":""},"class_list":["post-3478","page","type-page","status-publish","hentry"],"_links":{"self":[{"href":"https:\/\/www.vanbiervliet.fr\/gilbert\/index.php?rest_route=\/wp\/v2\/pages\/3478","targetHints":{"allow":["GET"]}}],"collection":[{"href":"https:\/\/www.vanbiervliet.fr\/gilbert\/index.php?rest_route=\/wp\/v2\/pages"}],"about":[{"href":"https:\/\/www.vanbiervliet.fr\/gilbert\/index.php?rest_route=\/wp\/v2\/types\/page"}],"author":[{"embeddable":true,"href":"https:\/\/www.vanbiervliet.fr\/gilbert\/index.php?rest_route=\/wp\/v2\/users\/1"}],"replies":[{"embeddable":true,"href":"https:\/\/www.vanbiervliet.fr\/gilbert\/index.php?rest_route=%2Fwp%2Fv2%2Fcomments&post=3478"}],"version-history":[{"count":6,"href":"https:\/\/www.vanbiervliet.fr\/gilbert\/index.php?rest_route=\/wp\/v2\/pages\/3478\/revisions"}],"predecessor-version":[{"id":3502,"href":"https:\/\/www.vanbiervliet.fr\/gilbert\/index.php?rest_route=\/wp\/v2\/pages\/3478\/revisions\/3502"}],"up":[{"embeddable":true,"href":"https:\/\/www.vanbiervliet.fr\/gilbert\/index.php?rest_route=\/wp\/v2\/pages\/570"}],"wp:attachment":[{"href":"https:\/\/www.vanbiervliet.fr\/gilbert\/index.php?rest_route=%2Fwp%2Fv2%2Fmedia&parent=3478"}],"curies":[{"name":"wp","href":"https:\/\/api.w.org\/{rel}","templated":true}]}}